Let f(n) = 4*n - 11. Let i be f(5). Let s be ((-18)/4)/(i/12). What is the units digit of 4/s*(-342)/12?
9
Suppose -3*w + 6168 = 3*y, -2*w = -59 + 67. What is the thousands digit of y?
2
Let a(i) = i + 27. Let x(s) = -2*s - 53. Let n(k) = 13*a(k) + 6*x(k). Let f = 5 + -5. What is the units digit of n(f)?
3
Suppose 2*t + 3*v - 16 = 0, -5*v = -4*t + 16 + 16. Suppose 4*x - t = 36. Let p = -1 + x. What is the tens digit of p?
1
Let n = 954 + -569. Suppose -10 + n = 5*f. What is the tens digit of f?
7
Suppose 0 = 4*x + o - 0*o - 504, -3*x = 3*o - 378. Suppose -x = 5*p + 64. Let s = 94 + p. What is the tens digit of s?
5
Let l be (-6)/(-12) + (-1)/2. Suppose l = 2*v - 4*v - 12. Let b(g) = -g**3 - 4*g**2 + 7*g + 9. What is the units digit of b(v)?
9
Let v(s) = -s**2 - 8*s - 10. Let c be v(-6). Suppose -c*k + 8 = 4. What is the units digit of k?
2
Let d(f) be the first derivative of -4 - 2*f - 1/3*f**3 + 2*f**2. What is the units digit of d(2)?
2
Let s = -25 - -22. Let h(b) = -9*b - 4. What is the tens digit of h(s)?
2
Suppose 3*d = v - 1282, -28*v + 6410 = -23*v - 3*d. What is the thousands digit of v?
1
Let q(x) = -x**3 - 40*x**2 + 83*x - 78. What is the thousands digit of q(-43)?
1
Let i be -1*2/8 + 130/40. Suppose z - 75 = -i*j, -j - 2*j - 12 = 0. What is the tens digit of z?
8
Suppose 2*i = -5*j + 143, -2*j = -2*i - 0*i - 46. Suppose w - j - 8 = 0. What is the tens digit of w?
3
Let i = 54 + 145. Let l = 387 - i. What is the units digit of l?
8
What is the tens digit of (-8)/(-60) - (-474260)/300?
8
Suppose -2*q + 95 = -101. What is the hundreds digit of (-2348)/(-14) - (-28)/q?
1
Let c be -29 + (1/(-3) - (-2)/(-3)). What is the units digit of (-2)/(-15) + (-1856)/c?
2
Suppose -5*o + 4*i + 16 = 0, -3*i = 2*i - 5. Let y(l) = -14*l - 3. Let f be y(-5). Suppose o*g - f = -7. What is the tens digit of g?
1
Let s(x) = x**2 - 7*x - 1. Let j be s(7). Let r(g) = -7*g**2 - g. Let h be r(j). Let i(d) = d + 8. What is the units digit of i(h)?
2
Let z = 5 - 14. Let w(i) be the third derivative of -i**4/8 + 13*i**3/6 - 2*i**2. What is the tens digit of w(z)?
4
Let c(z) = 10*z - 2. Let d be ((-2)/4)/((-1)/4). Let y be c(d). Suppose 0*h + h = l - y, 4*l = -3*h + 37. What is the units digit of l?
3
Let h = -40 - -180. What is the tens digit of h?
4
Suppose -6*t + 27 = -5*t. Let j = -17 + t. Suppose 0 = -7*p + 2*p + j. What is the units digit of p?
2
Let b(z) = 0*z**3 - 8*z + z**3 + 3 - 6*z**2 + 3*z - 12. Let k be b(7). Suppose -3*a + d + 51 = k*d, a - 15 = -2*d. What is the units digit of a?
1
Suppose -2*v + 18 = v. Let u be 1/v - (-92)/24. What is the tens digit of (2 - (2 + -4))*u?
1
Suppose 3*d = -6, -14 = -a - 0*d + 5*d. Suppose 5*w + 460 = 5*x, 3*w = -0*x + a*x - 369. What is the units digit of x?
3
Let d(m) be the first derivative of -4*m + 5 + 1/2*m**2 + 10/3*m**3. What is the units digit of d(-2)?
4
Suppose 110 = l - 0*l + 3*h, -20 = 4*h. Suppose 6*d = 2*j + 2*d - 74, -d = 3*j - l. What is the tens digit of j?
4
Suppose t + 46 + 57 = 3*g, -2*g - t = -67. What is the units digit of g?
4
Suppose 5*w - 2*w - 7*w = 0. Suppose -3*k + 5*s + 499 = w, -2*k + 248 = s - 63. What is the hundreds digit of k?
1
Suppose 49*v = 38*v + 5819. What is the units digit of v?
9
Let c(x) = x + 78. Let y = -37 + 37. What is the tens digit of c(y)?
7
Suppose -l - 2 = -2*l. Suppose -4*y - y - l*t = -109, -8 = -y - 5*t. What is the units digit of y?
3
Suppose -5*j + 7721 - 1511 = 0. What is the hundreds digit of j?
2
Suppose -4*u - 2*v = -2, 2*v - 7 = u + 4*v. Suppose u*l + b - 3*b - 278 = 0, -5*l = -3*b - 465. Suppose 5*t = l + 214. What is the tens digit of t?
6
Suppose 0 = -0*c + 6*c - 12. What is the units digit of (-1)/((-1)/c + 1) + 66?
4
Let n = 94 + 164. What is the units digit of n?
8
Let v be (3 - 9)*(-2)/3. Let y(j) = 3*j + 9. Let n be y(v). Suppose 0 = 5*m - k - 42, -3*m + 6*m - 2*k = n. What is the units digit of m?
9
Let o = 2115 + -1165. What is the tens digit of o?
5
What is the hundreds digit of 6889/8 + (-89)/712?
8
Let d(o) = 720*o**3 - 2*o**2 + o. What is the units digit of d(1)?
9
Suppose 2000 + 1162 = 6*k. What is the hundreds digit of k?
5
Suppose -133*s = -141*s + 3912. What is the units digit of s?
9
Suppose -4*j = -2*y - y + 352, 0 = y - 5*j - 99. Let s = y + -68. What is the tens digit of s?
5
Suppose -2726 = -3*v - 5*w, 909 = v - 0*v + 2*w. What is the units digit of v?
7
Suppose 0*d - 3*d = 2*z - 4, -5*z = 2*d + 1. Suppose 0 = d*c - 24 - 38. What is the tens digit of c?
3
Let k(s) = s**3 + 19*s**2 + 9*s + 10. Let y be k(-18). What is the tens digit of (y/10)/(1/5)?
8
Let v be (-24)/(-13) - 2/(-13). Suppose -5*u = v*o - 574, 479 = -2*u + 6*u - 5*o. Suppose -w - u = -5*w. What is the units digit of w?
9
Let m(u) = 0*u**2 - 12 - 5*u**2 + 3*u**2 - 12*u + u**2. What is the units digit of m(-10)?
8
Suppose -p - 5*r = p + 31, 4*p + 4*r = -56. Let s = p - -15. Suppose -104 = -4*o + 2*l + 10, -3*l = -s*o + 59. What is the units digit of o?
8
Let k be ((-9)/1)/(-3) - -228. Suppose 2*r + 3 = 5*r. What is the tens digit of (r/(-3))/((-7)/k)?
1
Let d = -198 + 341. What is the units digit of d?
3
Let n be ((-72)/(-30))/(3/50). Suppose 5*u - u = f + 15, 0 = -5*f - 3*u + n. Suppose f*p - 4*p - 11 = 0. What is the units digit of p?
1
Let k(h) be the third derivative of -5*h**4/24 + 37*h**3/6 + 15*h**2. What is the units digit of k(-12)?
7
Suppose -5*y + 4*y + 742 = 5*t, 4*y = -5*t + 733. What is the tens digit of t?
4
Let k be ((-1)/(-3))/(2 - 278/138). Let a be (-8)/12*(-3)/(-2). What is the tens digit of (2/2)/(a/k)?
2
Suppose 537*c - 528*c - 14283 = 0. What is the thousands digit of c?
1
Let z(k) = k**2 - 15*k - 20. Let i be z(19). Suppose 5*r - 259 = i. What is the units digit of r?
3
Suppose 204498 = 62*m + m. What is the tens digit of m?
4
Let r = -12 + 10. Let l = r - 4. Let b = l + 13. What is the units digit of b?
7
Let y = 284 + 272. What is the tens digit of y?
5
Let i = 15 + -1. Suppose -10*y + i*y = 88. Let v = y + -16. What is the units digit of v?
6
What is the hundreds digit of (2 - 4) + -1 + 1016?
0
Suppose -2*w + 105 = 1. What is the tens digit of w*9/6 - 1?
7
Let n be 24*(1 - (-3)/(-12)). Let m = n + 13. What is the units digit of m?
1
Suppose 82*b - 79*b - 1773 = 0. What is the tens digit of b?
9
What is the units digit of (-9)/12 - (4 + (-2106)/24)?
3
Let t = 746 - 446. What is the hundreds digit of t?
3
Suppose -p - 16*p = -38624. What is the hundreds digit of p?
2
Let r = 45 - 65. What is the units digit of ((-54)/45)/(6/r)?
4
Let q(z) = z**3 + 11*z**2 + 10*z + 4. Let f be q(-10). Suppose 0*d - 5*j + 25 = 4*d, f*j + 11 = 3*d. What is the units digit of d?
5
Suppose -900 = -r - 2*p + 250, 0 = 5*p - 5. What is the units digit of r?
8
Let k(i) = i**3 + 8*i**2 - 36*i - 19. What is the tens digit of k(8)?
1
Let b be (3 - 0)/(45/(-330)). Let k = b + 92. What is the tens digit of k?
7
Let h = -2708 - -3960. What is the hundreds digit of h?
2
Suppose 4*o = 9*o - 670. Suppose 0 = -h + 2*z + 2*z + o, -368 = -3*h - 5*z. What is the tens digit of h?
2
Let o = 1 - -16. Suppose -4*m - 5*d + 547 = 0, 4*d - 273 = -2*m + d. Suppose -5*c + m + o = 0. What is the units digit of c?
1
Suppose 2*j = -21*j + 13892. What is the units digit of j?
4
Let m = -96 + 728. What is the units digit of m?
2
Suppose 418*u - 427*u = -13680. What is the units digit of u?
0
Let u(s) = 24*s - 5 - 21*s + 2*s**2 + 14. Let a(h) = h**3 - 4*h**2 - 5*h + 4. Let g be a(5). What is the tens digit of u(g)?
5
Let n(b) = 4*b - 14. Let k be n(4). What is the hundreds digit of (51/34)/(k/184)?
1
Suppose -4*t + 4 = c, -3*c + 10 + 2 = -t. Suppose -2*b = -3*b + c. What is the tens digit of b/12*102/2?
1
Suppose -2*a + 3*x + 176 = 3*a, -38 = -a + 2*x. Suppose 5*o - 131 = a. What is the tens digit of o?
3
Let m(z) = 3*z**2 - z - 4. Let r be m(-6). Suppose -t - 3*c + 2*c + 52 = 0, -2*t + r = 5*c. What is the units digit of t?
0
Suppose 0*h + 4*h - 5*l - 164 = 0, -5*l = -2*h + 72. Suppose 2*q - 330 + h = -4*u, -2*q + 279 = 5*u. What is the hundreds digit of q?
1
Suppose 4*o + 12 = 4*p + 52, 3*p = -4*o + 26. Suppose -o*u + 4*u - 5*q + 285 = 0, -5*u - q + 372 = 0. What is the tens digit of u?
7
Let w be (-117)/(-26)*46/3. Suppose -5*v = -96 - w. What is the tens digit of v?
3
Let g(v) = -55*v + 15. L